{"id":1538,"date":"2024-03-10T03:39:10","date_gmt":"2024-03-10T06:39:10","guid":{"rendered":"https:\/\/isfdmacachin-lpa.infd.edu.ar\/sitio\/?page_id=1538"},"modified":"2026-03-29T01:48:23","modified_gmt":"2026-03-29T04:48:23","slug":"horarios","status":"publish","type":"page","link":"https:\/\/isfdmacachin-lpa.infd.edu.ar\/sitio\/horarios\/","title":{"rendered":"Capacitaciones 2026"},"content":{"rendered":"\n<p>Propuestas <em>formativas<\/em> que brindan\u00a0oferentes externos previamente registrados en la <a href=\"https:\/\/redpam.lapampa.edu.ar\/propuestas\" target=\"_blank\" rel=\"noreferrer noopener\">RedPam<\/a><\/p>\n\n\n\n<figure class=\"wp-block-image size-full\"><img decoding=\"async\" loading=\"lazy\" width=\"1347\" height=\"345\" src=\"https:\/\/isfdmacachin-lpa.infd.edu.ar\/sitio\/wp-content\/uploads\/2026\/03\/redpam-inicio.png\" alt=\"\" class=\"wp-image-1851\" srcset=\"https:\/\/isfdmacachin-lpa.infd.edu.ar\/sitio\/wp-content\/uploads\/2026\/03\/redpam-inicio.png 1347w, https:\/\/isfdmacachin-lpa.infd.edu.ar\/sitio\/wp-content\/uploads\/2026\/03\/redpam-inicio-1000x256.png 1000w, https:\/\/isfdmacachin-lpa.infd.edu.ar\/sitio\/wp-content\/uploads\/2026\/03\/redpam-inicio-768x197.png 768w\" sizes=\"(max-width: 1347px) 100vw, 1347px\" \/><\/figure>\n\n\n\n<p><strong>Propuestas Formativas<\/strong><\/p>\n\n\n\n<p>La <em>RedPam<\/em> constituye una herramienta jurisdiccional que permite fortalecer la organizaci\u00f3n y difusi\u00f3n de la oferta de propuestas de FDC.<\/p>\n\n\n\n<p>Por ello, en este acceso, los y las docentes pueden visualizar las propuestas formativas avaladas por el Ministerio de Educaci\u00f3n (ME) antes de que tengan inicio, y as\u00ed tomar decisiones con responsabilidad profesional y acorde a sus necesidades, contextos de desempe\u00f1o y trayectorias profesionales.<\/p>\n\n\n\n<p>El ME avanza de este modo en la democratizaci\u00f3n de la informaci\u00f3n de las ofertas, a fin de garantizar que la totalidad de los y las agentes del sistema educativo puedan acceder a propuestas de formaci\u00f3n de calidad y pertinencia para el desempe\u00f1o profesional.<\/p>\n\n\n\n<p>Para consultar sobre la valoraci\u00f3n de las diferentes Propuestas Formativas, ingresar a Preguntas Frecuentes, \u00edtem N\u00ba. 4<\/p>\n","protected":false},"excerpt":{"rendered":"<p>Propuestas formativas que brindan\u00a0oferentes externos previamente registrados en la RedPam Propuestas Formativas La RedPam constituye una herramienta jurisdiccional que permite fortalecer la organizaci\u00f3n y difusi\u00f3n de la oferta de propuestas de FDC. Por ello, en este acceso, los y las docentes pueden visualizar las propuestas formativas avaladas por el Ministerio de Educaci\u00f3n (ME) antes de &#8230; <a title=\"Capacitaciones 2026\" class=\"read-more\" href=\"https:\/\/isfdmacachin-lpa.infd.edu.ar\/sitio\/horarios\/\" aria-label=\"More on Capacitaciones 2026\">[+]<\/a><\/p>\n","protected":false},"author":358,"featured_media":0,"parent":0,"menu_order":0,"comment_status":"closed","ping_status":"closed","template":"","meta":[],"acf":[],"_links":{"self":[{"href":"https:\/\/isfdmacachin-lpa.infd.edu.ar\/sitio\/wp-json\/wp\/v2\/pages\/1538"}],"collection":[{"href":"https:\/\/isfdmacachin-lpa.infd.edu.ar\/sitio\/wp-json\/wp\/v2\/pages"}],"about":[{"href":"https:\/\/isfdmacachin-lpa.infd.edu.ar\/sitio\/wp-json\/wp\/v2\/types\/page"}],"author":[{"embeddable":true,"href":"https:\/\/isfdmacachin-lpa.infd.edu.ar\/sitio\/wp-json\/wp\/v2\/users\/358"}],"replies":[{"embeddable":true,"href":"https:\/\/isfdmacachin-lpa.infd.edu.ar\/sitio\/wp-json\/wp\/v2\/comments?post=1538"}],"version-history":[{"count":15,"href":"https:\/\/isfdmacachin-lpa.infd.edu.ar\/sitio\/wp-json\/wp\/v2\/pages\/1538\/revisions"}],"predecessor-version":[{"id":1854,"href":"https:\/\/isfdmacachin-lpa.infd.edu.ar\/sitio\/wp-json\/wp\/v2\/pages\/1538\/revisions\/1854"}],"wp:attachment":[{"href":"https:\/\/isfdmacachin-lpa.infd.edu.ar\/sitio\/wp-json\/wp\/v2\/media?parent=1538"}],"curies":[{"name":"wp","href":"https:\/\/api.w.org\/{rel}","templated":true}]}}